{"id":1583,"date":"2021-04-30T08:06:06","date_gmt":"2021-04-30T06:06:06","guid":{"rendered":"https:\/\/kliin.ee\/?page_id=1583"},"modified":"2025-03-19T22:22:01","modified_gmt":"2025-03-19T20:22:01","slug":"tartu-kontakt","status":"publish","type":"page","link":"https:\/\/kliin.ee\/eng\/tartu-kontakt\/","title":{"rendered":"Tartu kontakt"},"content":{"rendered":"<div data-elementor-type=\"wp-page\" data-elementor-id=\"1583\" class=\"elementor elementor-1583\" data-elementor-post-type=\"page\">\n\t\t\t\t<div class=\"elementor-element elementor-element-8066b58 e-flex e-con-boxed e-con e-parent\" data-id=\"8066b58\" data-element_type=\"container\" data-e-type=\"container\">\n\t\t\t\t\t<div class=\"e-con-inner\">\n\t\t<div class=\"elementor-element elementor-element-faa943f e-con-full e-flex e-con e-child\" data-id=\"faa943f\" data-element_type=\"container\" data-e-type=\"container\">\n\t\t\t\t<div class=\"elementor-element elementor-element-04d8c8f elementor-widget elementor-widget-google_maps\" data-id=\"04d8c8f\" data-element_type=\"widget\" data-e-type=\"widget\" data-widget_type=\"google_maps.default\">\n\t\t\t\t<div class=\"elementor-widget-container\">\n\t\t\t\t\t\t\t<div class=\"elementor-custom-embed\">\n\t\t\t<iframe loading=\"lazy\"\n\t\t\t\t\tsrc=\"https:\/\/maps.google.com\/maps?q=Kliin%20Tartu&#038;t=m&#038;z=15&#038;output=embed&#038;iwloc=near\"\n\t\t\t\t\ttitle=\"Kliin Tartu dry clean\"\n\t\t\t\t\taria-label=\"Kliin Tartu dry clean\"\n\t\t\t><\/iframe>\n\t\t<\/div>\n\t\t\t\t\t\t<\/div>\n\t\t\t\t<\/div>\n\t\t\t\t<\/div>\n\t\t<div class=\"elementor-element elementor-element-e6be1a3 e-con-full e-flex e-con e-child\" data-id=\"e6be1a3\" data-element_type=\"container\" data-e-type=\"container\">\n\t\t\t\t<div class=\"elementor-element elementor-element-a0edfc8 elementor-widget elementor-widget-heading\" data-id=\"a0edfc8\" data-element_type=\"widget\" data-e-type=\"widget\" data-widget_type=\"heading.default\">\n\t\t\t\t<div class=\"elementor-widget-container\">\n\t\t\t\t\t<h2 class=\"elementor-heading-title elementor-size-default\">Kliin Tartu dry clean<\/h2>\t\t\t\t<\/div>\n\t\t\t\t<\/div>\n\t\t\t\t<div class=\"elementor-element elementor-element-5c8b263 elementor-widget elementor-widget-text-editor\" data-id=\"5c8b263\" data-element_type=\"widget\" data-e-type=\"widget\" data-widget_type=\"text-editor.default\">\n\t\t\t\t<div class=\"elementor-widget-container\">\n\t\t\t\t\t\t\t\t\t<p>We are located in the Zeppelin shopping center.<\/p>\n<p>We can be conveniently reached from the car park on the gorund floor of the shopping centre and by using a separate entrance (see photo).<\/p>\t\t\t\t\t\t\t\t<\/div>\n\t\t\t\t<\/div>\n\t\t\t\t<div class=\"elementor-element elementor-element-2ef519a elementor-widget elementor-widget-heading\" data-id=\"2ef519a\" data-element_type=\"widget\" data-e-type=\"widget\" data-widget_type=\"heading.default\">\n\t\t\t\t<div class=\"elementor-widget-container\">\n\t\t\t\t\t<h2 class=\"elementor-heading-title elementor-size-default\">Address<\/h2>\t\t\t\t<\/div>\n\t\t\t\t<\/div>\n\t\t\t\t<div class=\"elementor-element elementor-element-67a5d22 elementor-widget elementor-widget-text-editor\" data-id=\"67a5d22\" data-element_type=\"widget\" data-e-type=\"widget\" data-widget_type=\"text-editor.default\">\n\t\t\t\t<div class=\"elementor-widget-container\">\n\t\t\t\t\t\t\t\t\t<p>Zeppelini kaubanduskeskus<\/p><p>Turu 14, 51004 Tartu<\/p>\t\t\t\t\t\t\t\t<\/div>\n\t\t\t\t<\/div>\n\t\t\t\t<div class=\"elementor-element elementor-element-ca9c730 elementor-widget elementor-widget-heading\" data-id=\"ca9c730\" data-element_type=\"widget\" data-e-type=\"widget\" data-widget_type=\"heading.default\">\n\t\t\t\t<div class=\"elementor-widget-container\">\n\t\t\t\t\t<h2 class=\"elementor-heading-title elementor-size-default\">Phone and self service information<\/h2>\t\t\t\t<\/div>\n\t\t\t\t<\/div>\n\t\t\t\t<div class=\"elementor-element elementor-element-49b4d1c elementor-widget elementor-widget-button\" data-id=\"49b4d1c\" data-element_type=\"widget\" data-e-type=\"widget\" data-widget_type=\"button.default\">\n\t\t\t\t<div class=\"elementor-widget-container\">\n\t\t\t\t\t\t\t\t\t<div class=\"elementor-button-wrapper\">\n\t\t\t\t\t<a class=\"elementor-button elementor-button-link elementor-size-sm\" href=\"tel:%20+37256876425\">\n\t\t\t\t\t\t<span class=\"elementor-button-content-wrapper\">\n\t\t\t\t\t\t\t\t\t<span class=\"elementor-button-text\">+372 5687 6425<\/span>\n\t\t\t\t\t<\/span>\n\t\t\t\t\t<\/a>\n\t\t\t\t<\/div>\n\t\t\t\t\t\t\t\t<\/div>\n\t\t\t\t<\/div>\n\t\t\t\t<div class=\"elementor-element elementor-element-11f5912 elementor-widget elementor-widget-heading\" data-id=\"11f5912\" data-element_type=\"widget\" data-e-type=\"widget\" data-widget_type=\"heading.default\">\n\t\t\t\t<div class=\"elementor-widget-container\">\n\t\t\t\t\t<h2 class=\"elementor-heading-title elementor-size-default\">E-mail<\/h2>\t\t\t\t<\/div>\n\t\t\t\t<\/div>\n\t\t\t\t<div class=\"elementor-element elementor-element-307cb8d elementor-widget elementor-widget-button\" data-id=\"307cb8d\" data-element_type=\"widget\" data-e-type=\"widget\" data-widget_type=\"button.default\">\n\t\t\t\t<div class=\"elementor-widget-container\">\n\t\t\t\t\t\t\t\t\t<div class=\"elementor-button-wrapper\">\n\t\t\t\t\t<a class=\"elementor-button elementor-button-link elementor-size-sm\" href=\"mailto:info@kliin.ee\">\n\t\t\t\t\t\t<span class=\"elementor-button-content-wrapper\">\n\t\t\t\t\t\t\t\t\t<span class=\"elementor-button-text\">Info@Kliin.ee<\/span>\n\t\t\t\t\t<\/span>\n\t\t\t\t\t<\/a>\n\t\t\t\t<\/div>\n\t\t\t\t\t\t\t\t<\/div>\n\t\t\t\t<\/div>\n\t\t\t\t<div class=\"elementor-element elementor-element-a0eac70 elementor-widget elementor-widget-button\" data-id=\"a0eac70\" data-element_type=\"widget\" data-e-type=\"widget\" data-widget_type=\"button.default\">\n\t\t\t\t<div class=\"elementor-widget-container\">\n\t\t\t\t\t\t\t\t\t<div class=\"elementor-button-wrapper\">\n\t\t\t\t\t<a class=\"elementor-button elementor-button-link elementor-size-xl\" href=\"https:\/\/www.facebook.com\/Kliin.puhastus\">\n\t\t\t\t\t\t<span class=\"elementor-button-content-wrapper\">\n\t\t\t\t\t\t<span class=\"elementor-button-icon\">\n\t\t\t\t<i aria-hidden=\"true\" class=\"fab fa-facebook\"><\/i>\t\t\t<\/span>\n\t\t\t\t\t\t\t\t\t<span class=\"elementor-button-text\">Kliin on Facebook<\/span>\n\t\t\t\t\t<\/span>\n\t\t\t\t\t<\/a>\n\t\t\t\t<\/div>\n\t\t\t\t\t\t\t\t<\/div>\n\t\t\t\t<\/div>\n\t\t\t\t<\/div>\n\t\t<div class=\"elementor-element elementor-element-1819e91 e-con-full e-grid e-con e-child\" data-id=\"1819e91\" data-element_type=\"container\" data-e-type=\"container\">\n\t\t\t\t<div class=\"elementor-element elementor-element-dcb374c elementor-widget elementor-widget-image\" data-id=\"dcb374c\" data-element_type=\"widget\" data-e-type=\"widget\" data-widget_type=\"image.default\">\n\t\t\t\t<div class=\"elementor-widget-container\">\n\t\t\t\t\t\t\t\t\t\t\t\t\t\t\t<img fetchpriority=\"high\" decoding=\"async\" width=\"311\" height=\"226\" src=\"https:\/\/kliin.ee\/wp-content\/uploads\/2020\/12\/tartu.webp\" class=\"attachment-full size-full wp-image-876\" alt=\"Kliin Tartu dry cleaner\" srcset=\"https:\/\/kliin.ee\/wp-content\/uploads\/2020\/12\/tartu.webp 311w, https:\/\/kliin.ee\/wp-content\/uploads\/2020\/12\/tartu-300x218.webp 300w, https:\/\/kliin.ee\/wp-content\/uploads\/2020\/12\/tartu-16x12.webp 16w\" sizes=\"(max-width: 311px) 100vw, 311px\" \/>\t\t\t\t\t\t\t\t\t\t\t\t\t\t\t<\/div>\n\t\t\t\t<\/div>\n\t\t\t\t<div class=\"elementor-element elementor-element-2e6067d elementor-widget elementor-widget-image\" data-id=\"2e6067d\" data-element_type=\"widget\" data-e-type=\"widget\" data-widget_type=\"image.default\">\n\t\t\t\t<div class=\"elementor-widget-container\">\n\t\t\t\t\t\t\t\t\t\t\t\t\t\t\t<img decoding=\"async\" width=\"311\" height=\"225\" src=\"https:\/\/kliin.ee\/wp-content\/uploads\/2020\/12\/kliintartu2.webp\" class=\"attachment-full size-full wp-image-881\" alt=\"Kliin Tartu parking\" srcset=\"https:\/\/kliin.ee\/wp-content\/uploads\/2020\/12\/kliintartu2.webp 311w, https:\/\/kliin.ee\/wp-content\/uploads\/2020\/12\/kliintartu2-300x217.webp 300w, https:\/\/kliin.ee\/wp-content\/uploads\/2020\/12\/kliintartu2-16x12.webp 16w\" sizes=\"(max-width: 311px) 100vw, 311px\" \/>\t\t\t\t\t\t\t\t\t\t\t\t\t\t\t<\/div>\n\t\t\t\t<\/div>\n\t\t\t\t<\/div>\n\t\t<div class=\"elementor-element elementor-element-324a278 e-con-full e-flex e-con e-child\" data-id=\"324a278\" data-element_type=\"container\" data-e-type=\"container\" data-settings=\"{&quot;background_background&quot;:&quot;classic&quot;}\">\n\t\t\t\t<div class=\"elementor-element elementor-element-28d94c6 elementor-widget elementor-widget-global elementor-global-2993 elementor-widget-text-editor\" data-id=\"28d94c6\" data-element_type=\"widget\" data-e-type=\"widget\" data-widget_type=\"text-editor.default\">\n\t\t\t\t<div class=\"elementor-widget-container\">\n\t\t\t\t\t\t\t\t\t<p>We are open<\/p><h5>Mon - Fri 8.00 - 18.00      Sat - Sun 9.00 - 16.00<\/h5><div>DURING HOLIDAYS<\/div><div><h5>05.04 SULETUD<\/h5><\/div><div>Laundromat with new client card<\/div><h5>E &#8211; R 8.00 &#8211; 20.00\u00a0 \u00a0 \u00a0 L &#8211; P 9.00 &#8211; 20.00<\/h5>\t\t\t\t\t\t\t\t<\/div>\n\t\t\t\t<\/div>\n\t\t\t\t<\/div>\n\t\t\t\t\t<\/div>\n\t\t\t\t<\/div>\n\t\t\t\t<\/div>","protected":false},"excerpt":{"rendered":"<p>Kliin Tartu Asume Zeppelini kaubanduseksuses. Meie juurde p\u00e4\u00e4seb mugavalt, parkides auto kaubanduskeskuse 0-korrusele ja kasutades eraldi sissep\u00e4\u00e4su (vaata pildilt). Aadress Zeppelini kaubanduskeskus Turu 14, 51004 Tartu Telefon ja iseteenindus info +372 5687 6425 E-mail Info@Kliin.ee Kliin Facebookis Oleme avatud E &#8211; R 8.00 &#8211; 18.00\u00a0 \u00a0 \u00a0 L &#8211; P 9.00 &#8211; 16.00 Iseteenindus koos [&hellip;]<\/p>\n","protected":false},"author":1,"featured_media":0,"parent":0,"menu_order":0,"comment_status":"closed","ping_status":"closed","template":"","meta":{"footnotes":""},"class_list":["post-1583","page","type-page","status-publish","hentry"],"yoast_head":"<!-- This site is optimized with the Yoast SEO plugin v27.3 - https:\/\/yoast.com\/product\/yoast-seo-wordpress\/ -->\n<title>Tartu kontakt &#8211; Kliin<\/title>\n<meta name=\"robots\" content=\"noindex, nofollow\" \/>\n<meta property=\"og:locale\" content=\"en_US\" \/>\n<meta property=\"og:type\" content=\"article\" \/>\n<meta property=\"og:title\" content=\"Tartu kontakt &#8211; Kliin\" \/>\n<meta property=\"og:description\" content=\"Kliin Tartu Asume Zeppelini kaubanduseksuses. Meie juurde p\u00e4\u00e4seb mugavalt, parkides auto kaubanduskeskuse 0-korrusele ja kasutades eraldi sissep\u00e4\u00e4su (vaata pildilt). Aadress Zeppelini kaubanduskeskus Turu 14, 51004 Tartu Telefon ja iseteenindus info +372 5687 6425 E-mail Info@Kliin.ee Kliin Facebookis Oleme avatud E &#8211; R 8.00 &#8211; 18.00\u00a0 \u00a0 \u00a0 L &#8211; P 9.00 &#8211; 16.00 Iseteenindus koos [&hellip;]\" \/>\n<meta property=\"og:url\" content=\"https:\/\/kliin.ee\/eng\/tartu-kontakt\/\" \/>\n<meta property=\"og:site_name\" content=\"Kliin\" \/>\n<meta property=\"article:publisher\" content=\"https:\/\/www.facebook.com\/Kliin.puhastus\" \/>\n<meta property=\"article:modified_time\" content=\"2025-03-19T20:22:01+00:00\" \/>\n<meta property=\"og:image\" content=\"https:\/\/kliin.ee\/wp-content\/uploads\/2020\/12\/tartu.webp\" \/>\n\t<meta property=\"og:image:width\" content=\"311\" \/>\n\t<meta property=\"og:image:height\" content=\"226\" \/>\n\t<meta property=\"og:image:type\" content=\"image\/webp\" \/>\n<meta name=\"twitter:card\" content=\"summary_large_image\" \/>\n<meta name=\"twitter:label1\" content=\"Est. reading time\" \/>\n\t<meta name=\"twitter:data1\" content=\"2 minutes\" \/>\n<script type=\"application\/ld+json\" class=\"yoast-schema-graph\">{\"@context\":\"https:\\\/\\\/schema.org\",\"@graph\":[{\"@type\":\"WebPage\",\"@id\":\"https:\\\/\\\/kliin.ee\\\/tartu-kontakt\\\/\",\"url\":\"https:\\\/\\\/kliin.ee\\\/tartu-kontakt\\\/\",\"name\":\"Tartu kontakt &#8211; Kliin\",\"isPartOf\":{\"@id\":\"https:\\\/\\\/kliin.ee\\\/#website\"},\"primaryImageOfPage\":{\"@id\":\"https:\\\/\\\/kliin.ee\\\/tartu-kontakt\\\/#primaryimage\"},\"image\":{\"@id\":\"https:\\\/\\\/kliin.ee\\\/tartu-kontakt\\\/#primaryimage\"},\"thumbnailUrl\":\"https:\\\/\\\/kliin.ee\\\/wp-content\\\/uploads\\\/2020\\\/12\\\/tartu.webp\",\"datePublished\":\"2021-04-30T06:06:06+00:00\",\"dateModified\":\"2025-03-19T20:22:01+00:00\",\"breadcrumb\":{\"@id\":\"https:\\\/\\\/kliin.ee\\\/tartu-kontakt\\\/#breadcrumb\"},\"inLanguage\":\"en-US\",\"potentialAction\":[{\"@type\":\"ReadAction\",\"target\":[\"https:\\\/\\\/kliin.ee\\\/tartu-kontakt\\\/\"]}]},{\"@type\":\"ImageObject\",\"inLanguage\":\"en-US\",\"@id\":\"https:\\\/\\\/kliin.ee\\\/tartu-kontakt\\\/#primaryimage\",\"url\":\"https:\\\/\\\/kliin.ee\\\/wp-content\\\/uploads\\\/2020\\\/12\\\/tartu.webp\",\"contentUrl\":\"https:\\\/\\\/kliin.ee\\\/wp-content\\\/uploads\\\/2020\\\/12\\\/tartu.webp\"},{\"@type\":\"BreadcrumbList\",\"@id\":\"https:\\\/\\\/kliin.ee\\\/tartu-kontakt\\\/#breadcrumb\",\"itemListElement\":[{\"@type\":\"ListItem\",\"position\":1,\"name\":\"Home\",\"item\":\"https:\\\/\\\/kliin.ee\\\/\"},{\"@type\":\"ListItem\",\"position\":2,\"name\":\"Tartu kontakt\"}]},{\"@type\":\"WebSite\",\"@id\":\"https:\\\/\\\/kliin.ee\\\/#website\",\"url\":\"https:\\\/\\\/kliin.ee\\\/\",\"name\":\"Kliin\",\"description\":\"Keemiline puhastus ja pesumaja\",\"publisher\":{\"@id\":\"https:\\\/\\\/kliin.ee\\\/#organization\"},\"potentialAction\":[{\"@type\":\"SearchAction\",\"target\":{\"@type\":\"EntryPoint\",\"urlTemplate\":\"https:\\\/\\\/kliin.ee\\\/?s={search_term_string}\"},\"query-input\":{\"@type\":\"PropertyValueSpecification\",\"valueRequired\":true,\"valueName\":\"search_term_string\"}}],\"inLanguage\":\"en-US\"},{\"@type\":\"Organization\",\"@id\":\"https:\\\/\\\/kliin.ee\\\/#organization\",\"name\":\"Kliin keemiline puhastus ja pesumaja\",\"url\":\"https:\\\/\\\/kliin.ee\\\/\",\"logo\":{\"@type\":\"ImageObject\",\"inLanguage\":\"en-US\",\"@id\":\"https:\\\/\\\/kliin.ee\\\/#\\\/schema\\\/logo\\\/image\\\/\",\"url\":\"https:\\\/\\\/i2.wp.com\\\/kliin.ee\\\/wp-content\\\/uploads\\\/2020\\\/12\\\/kliin-logo3.png?fit=94%2C89\",\"contentUrl\":\"https:\\\/\\\/i2.wp.com\\\/kliin.ee\\\/wp-content\\\/uploads\\\/2020\\\/12\\\/kliin-logo3.png?fit=94%2C89\",\"width\":94,\"height\":89,\"caption\":\"Kliin keemiline puhastus ja pesumaja\"},\"image\":{\"@id\":\"https:\\\/\\\/kliin.ee\\\/#\\\/schema\\\/logo\\\/image\\\/\"},\"sameAs\":[\"https:\\\/\\\/www.facebook.com\\\/Kliin.puhastus\"]}]}<\/script>\n<!-- \/ Yoast SEO plugin. -->","yoast_head_json":{"title":"Tartu kontakt &#8211; Kliin","robots":{"index":"noindex","follow":"nofollow"},"og_locale":"en_US","og_type":"article","og_title":"Tartu kontakt &#8211; Kliin","og_description":"Kliin Tartu Asume Zeppelini kaubanduseksuses. Meie juurde p\u00e4\u00e4seb mugavalt, parkides auto kaubanduskeskuse 0-korrusele ja kasutades eraldi sissep\u00e4\u00e4su (vaata pildilt). Aadress Zeppelini kaubanduskeskus Turu 14, 51004 Tartu Telefon ja iseteenindus info +372 5687 6425 E-mail Info@Kliin.ee Kliin Facebookis Oleme avatud E &#8211; R 8.00 &#8211; 18.00\u00a0 \u00a0 \u00a0 L &#8211; P 9.00 &#8211; 16.00 Iseteenindus koos [&hellip;]","og_url":"https:\/\/kliin.ee\/eng\/tartu-kontakt\/","og_site_name":"Kliin","article_publisher":"https:\/\/www.facebook.com\/Kliin.puhastus","article_modified_time":"2025-03-19T20:22:01+00:00","og_image":[{"width":311,"height":226,"url":"https:\/\/kliin.ee\/wp-content\/uploads\/2020\/12\/tartu.webp","type":"image\/webp"}],"twitter_card":"summary_large_image","twitter_misc":{"Est. reading time":"2 minutes"},"schema":{"@context":"https:\/\/schema.org","@graph":[{"@type":"WebPage","@id":"https:\/\/kliin.ee\/tartu-kontakt\/","url":"https:\/\/kliin.ee\/tartu-kontakt\/","name":"Tartu kontakt &#8211; Kliin","isPartOf":{"@id":"https:\/\/kliin.ee\/#website"},"primaryImageOfPage":{"@id":"https:\/\/kliin.ee\/tartu-kontakt\/#primaryimage"},"image":{"@id":"https:\/\/kliin.ee\/tartu-kontakt\/#primaryimage"},"thumbnailUrl":"https:\/\/kliin.ee\/wp-content\/uploads\/2020\/12\/tartu.webp","datePublished":"2021-04-30T06:06:06+00:00","dateModified":"2025-03-19T20:22:01+00:00","breadcrumb":{"@id":"https:\/\/kliin.ee\/tartu-kontakt\/#breadcrumb"},"inLanguage":"en-US","potentialAction":[{"@type":"ReadAction","target":["https:\/\/kliin.ee\/tartu-kontakt\/"]}]},{"@type":"ImageObject","inLanguage":"en-US","@id":"https:\/\/kliin.ee\/tartu-kontakt\/#primaryimage","url":"https:\/\/kliin.ee\/wp-content\/uploads\/2020\/12\/tartu.webp","contentUrl":"https:\/\/kliin.ee\/wp-content\/uploads\/2020\/12\/tartu.webp"},{"@type":"BreadcrumbList","@id":"https:\/\/kliin.ee\/tartu-kontakt\/#breadcrumb","itemListElement":[{"@type":"ListItem","position":1,"name":"Home","item":"https:\/\/kliin.ee\/"},{"@type":"ListItem","position":2,"name":"Tartu kontakt"}]},{"@type":"WebSite","@id":"https:\/\/kliin.ee\/#website","url":"https:\/\/kliin.ee\/","name":"Kliin","description":"Keemiline puhastus ja pesumaja","publisher":{"@id":"https:\/\/kliin.ee\/#organization"},"potentialAction":[{"@type":"SearchAction","target":{"@type":"EntryPoint","urlTemplate":"https:\/\/kliin.ee\/?s={search_term_string}"},"query-input":{"@type":"PropertyValueSpecification","valueRequired":true,"valueName":"search_term_string"}}],"inLanguage":"en-US"},{"@type":"Organization","@id":"https:\/\/kliin.ee\/#organization","name":"Kliin keemiline puhastus ja pesumaja","url":"https:\/\/kliin.ee\/","logo":{"@type":"ImageObject","inLanguage":"en-US","@id":"https:\/\/kliin.ee\/#\/schema\/logo\/image\/","url":"https:\/\/i2.wp.com\/kliin.ee\/wp-content\/uploads\/2020\/12\/kliin-logo3.png?fit=94%2C89","contentUrl":"https:\/\/i2.wp.com\/kliin.ee\/wp-content\/uploads\/2020\/12\/kliin-logo3.png?fit=94%2C89","width":94,"height":89,"caption":"Kliin keemiline puhastus ja pesumaja"},"image":{"@id":"https:\/\/kliin.ee\/#\/schema\/logo\/image\/"},"sameAs":["https:\/\/www.facebook.com\/Kliin.puhastus"]}]}},"_links":{"self":[{"href":"https:\/\/kliin.ee\/eng\/wp-json\/wp\/v2\/pages\/1583","targetHints":{"allow":["GET"]}}],"collection":[{"href":"https:\/\/kliin.ee\/eng\/wp-json\/wp\/v2\/pages"}],"about":[{"href":"https:\/\/kliin.ee\/eng\/wp-json\/wp\/v2\/types\/page"}],"author":[{"embeddable":true,"href":"https:\/\/kliin.ee\/eng\/wp-json\/wp\/v2\/users\/1"}],"replies":[{"embeddable":true,"href":"https:\/\/kliin.ee\/eng\/wp-json\/wp\/v2\/comments?post=1583"}],"version-history":[{"count":177,"href":"https:\/\/kliin.ee\/eng\/wp-json\/wp\/v2\/pages\/1583\/revisions"}],"predecessor-version":[{"id":3354,"href":"https:\/\/kliin.ee\/eng\/wp-json\/wp\/v2\/pages\/1583\/revisions\/3354"}],"wp:attachment":[{"href":"https:\/\/kliin.ee\/eng\/wp-json\/wp\/v2\/media?parent=1583"}],"curies":[{"name":"wp","href":"https:\/\/api.w.org\/{rel}","templated":true}]}}